{"id":189,"date":"2025-12-07T12:20:46","date_gmt":"2025-12-07T12:20:46","guid":{"rendered":"https:\/\/pokesdecriee.com\/?page_id=189"},"modified":"2025-12-10T11:02:50","modified_gmt":"2025-12-10T11:02:50","slug":"discographie","status":"publish","type":"page","link":"https:\/\/pokesdecriee.com\/index.php\/discographie\/","title":{"rendered":"Discographie"},"content":{"rendered":"\t\t<div data-elementor-type=\"wp-page\" data-elementor-id=\"189\" class=\"elementor elementor-189\">\n\t\t\t\t<div class=\"elementor-element elementor-element-1a14073 e-flex e-con-boxed e-con e-parent\" data-id=\"1a14073\" data-element_type=\"container\">\n\t\t\t\t\t<div class=\"e-con-inner\">\n\t\t<div class=\"elementor-element elementor-element-c753a1d e-con-full e-flex e-con e-child\" data-id=\"c753a1d\" data-element_type=\"container\">\n\t\t\t\t<div class=\"elementor-element elementor-element-1442ece elementor-widget elementor-widget-image\" data-id=\"1442ece\" data-element_type=\"widget\" data-widget_type=\"image.default\">\n\t\t\t\t\t\t\t\t\t\t\t\t\t\t\t<img fetchpriority=\"high\" decoding=\"async\" width=\"580\" height=\"580\" src=\"https:\/\/pokesdecriee.com\/wp-content\/uploads\/2025\/12\/PokesdeCrieeAmzerZopochette-768x768.jpg\" class=\"attachment-medium_large size-medium_large wp-image-37\" alt=\"Album Amzer zo des Pokes des Cri\u00e9e\" srcset=\"https:\/\/pokesdecriee.com\/wp-content\/uploads\/2025\/12\/PokesdeCrieeAmzerZopochette-768x768.jpg 768w, https:\/\/pokesdecriee.com\/wp-content\/uploads\/2025\/12\/PokesdeCrieeAmzerZopochette-300x300.jpg 300w, https:\/\/pokesdecriee.com\/wp-content\/uploads\/2025\/12\/PokesdeCrieeAmzerZopochette-1024x1024.jpg 1024w, https:\/\/pokesdecriee.com\/wp-content\/uploads\/2025\/12\/PokesdeCrieeAmzerZopochette-150x150.jpg 150w, https:\/\/pokesdecriee.com\/wp-content\/uploads\/2025\/12\/PokesdeCrieeAmzerZopochette-1536x1536.jpg 1536w, https:\/\/pokesdecriee.com\/wp-content\/uploads\/2025\/12\/PokesdeCrieeAmzerZopochette-2048x2048.jpg 2048w, https:\/\/pokesdecriee.com\/wp-content\/uploads\/2025\/12\/PokesdeCrieeAmzerZopochette-666x666.jpg 666w, https:\/\/pokesdecriee.com\/wp-content\/uploads\/2025\/12\/PokesdeCrieeAmzerZopochette-96x96.jpg 96w\" sizes=\"(max-width: 580px) 100vw, 580px\" \/>\t\t\t\t\t\t\t\t\t\t\t\t\t\t\t<\/div>\n\t\t\t\t<\/div>\n\t\t<div class=\"elementor-element elementor-element-8db1900 e-con-full e-flex e-con e-child\" data-id=\"8db1900\" data-element_type=\"container\">\n\t\t\t\t<div class=\"elementor-element elementor-element-885e1dc elementor-widget elementor-widget-text-editor\" data-id=\"885e1dc\" data-element_type=\"widget\" data-widget_type=\"text-editor.default\">\n\t\t\t\t\t\t\t\t\t<p><strong>Amzer zo<\/strong><\/p><p>Date de sortie : 7 d\u00e9cembre 2025<\/p><p>Enregistr\u00e9 les 22 et 23 mai 2025.<\/p><p>Invit\u00e9 : Benj (fl\u00fbte, tchitchi)<\/p><p>Photo : <a href=\"http:\/\/www.culturcorre.net\/\" target=\"_blank\" rel=\"noopener\">Jean-Yves Corre \/ CulturCorre<\/a><\/p><ul><li><a href=\"https:\/\/Wiseband.lnk.to\/Pokes-De-Criee-Amzer-Zo\" target=\"_blank\" rel=\"noopener\">Ecouter, acheter l&rsquo;album Amzer Zo (AppleMusic, qobuz, Deezer, Spotify&#8230;)<\/a>.<\/li><\/ul>\t\t\t\t\t\t\t\t<\/div>\n\t\t\t\t<\/div>\n\t\t\t\t\t<\/div>\n\t\t\t\t<\/div>\n\t\t<div class=\"elementor-element elementor-element-027251f e-flex e-con-boxed e-con e-parent\" data-id=\"027251f\" data-element_type=\"container\">\n\t\t\t\t\t<div class=\"e-con-inner\">\n\t\t\t\t<div class=\"elementor-element elementor-element-f5ed500 elementor-view-default elementor-widget elementor-widget-icon\" data-id=\"f5ed500\" data-element_type=\"widget\" data-widget_type=\"icon.default\">\n\t\t\t\t\t\t\t<div class=\"elementor-icon-wrapper\">\n\t\t\t<div class=\"elementor-icon\">\n\t\t\t<svg aria-hidden=\"true\" class=\"e-font-icon-svg e-fas-star\" viewBox=\"0 0 576 512\" xmlns=\"http:\/\/www.w3.org\/2000\/svg\"><path d=\"M259.3 17.8L194 150.2 47.9 171.5c-26.2 3.8-36.7 36.1-17.7 54.6l105.7 103-25 145.5c-4.5 26.3 23.2 46 46.4 33.7L288 439.6l130.7 68.7c23.2 12.2 50.9-7.4 46.4-33.7l-25-145.5 105.7-103c19-18.5 8.5-50.8-17.7-54.6L382 150.2 316.7 17.8c-11.7-23.6-45.6-23.9-57.4 0z\"><\/path><\/svg>\t\t\t<\/div>\n\t\t<\/div>\n\t\t\t\t\t\t<\/div>\n\t\t\t\t\t<\/div>\n\t\t\t\t<\/div>\n\t\t<div class=\"elementor-element elementor-element-9652376 e-flex e-con-boxed e-con e-parent\" data-id=\"9652376\" data-element_type=\"container\">\n\t\t\t\t\t<div class=\"e-con-inner\">\n\t\t<div class=\"elementor-element elementor-element-7d5c840 e-con-full e-flex e-con e-child\" data-id=\"7d5c840\" data-element_type=\"container\">\n\t\t\t\t<div class=\"elementor-element elementor-element-616517a elementor-widget elementor-widget-image\" data-id=\"616517a\" data-element_type=\"widget\" data-widget_type=\"image.default\">\n\t\t\t\t\t\t\t\t\t\t\t\t\t\t\t<img decoding=\"async\" width=\"580\" height=\"562\" src=\"https:\/\/pokesdecriee.com\/wp-content\/uploads\/2025\/12\/POKES-CD-03-768x744.jpeg\" class=\"attachment-medium_large size-medium_large wp-image-193\" alt=\"Pop agri live 3e disque des Pokes de Cri\u00e9e\" srcset=\"https:\/\/pokesdecriee.com\/wp-content\/uploads\/2025\/12\/POKES-CD-03-768x744.jpeg 768w, https:\/\/pokesdecriee.com\/wp-content\/uploads\/2025\/12\/POKES-CD-03-300x291.jpeg 300w, https:\/\/pokesdecriee.com\/wp-content\/uploads\/2025\/12\/POKES-CD-03-1024x992.jpeg 1024w, https:\/\/pokesdecriee.com\/wp-content\/uploads\/2025\/12\/POKES-CD-03-1200x1162.jpeg 1200w, https:\/\/pokesdecriee.com\/wp-content\/uploads\/2025\/12\/POKES-CD-03.jpeg 1430w\" sizes=\"(max-width: 580px) 100vw, 580px\" \/>\t\t\t\t\t\t\t\t\t\t\t\t\t\t\t<\/div>\n\t\t\t\t<\/div>\n\t\t<div class=\"elementor-element elementor-element-15ddd26 e-con-full e-flex e-con e-child\" data-id=\"15ddd26\" data-element_type=\"container\">\n\t\t\t\t<div class=\"elementor-element elementor-element-d13df01 elementor-widget elementor-widget-text-editor\" data-id=\"d13df01\" data-element_type=\"widget\" data-widget_type=\"text-editor.default\">\n\t\t\t\t\t\t\t\t\t<p><strong>Pop agri live<\/strong><\/p><p>Ann\u00e9e de sortie : 2003<\/p><p>Enregistrement en public les 24 et 25 janvier 2003 \u00e0 Lesconil par Pierrick Le Pape (studio La Zeb est Haute).<\/p><p>Conception visuelle : <a href=\"http:\/\/www.culturcorre.net\/\" target=\"_blank\" rel=\"noopener\">Jean-Yves Corre \/ CulturCorre<\/a><\/p>\t\t\t\t\t\t\t\t<\/div>\n\t\t\t\t<\/div>\n\t\t\t\t\t<\/div>\n\t\t\t\t<\/div>\n\t\t<div class=\"elementor-element elementor-element-938537a e-flex e-con-boxed e-con e-parent\" data-id=\"938537a\" data-element_type=\"container\">\n\t\t\t\t\t<div class=\"e-con-inner\">\n\t\t\t\t<div class=\"elementor-element elementor-element-bdbdb8a elementor-view-default elementor-widget elementor-widget-icon\" data-id=\"bdbdb8a\" data-element_type=\"widget\" data-widget_type=\"icon.default\">\n\t\t\t\t\t\t\t<div class=\"elementor-icon-wrapper\">\n\t\t\t<div class=\"elementor-icon\">\n\t\t\t<svg aria-hidden=\"true\" class=\"e-font-icon-svg e-fas-star\" viewBox=\"0 0 576 512\" xmlns=\"http:\/\/www.w3.org\/2000\/svg\"><path d=\"M259.3 17.8L194 150.2 47.9 171.5c-26.2 3.8-36.7 36.1-17.7 54.6l105.7 103-25 145.5c-4.5 26.3 23.2 46 46.4 33.7L288 439.6l130.7 68.7c23.2 12.2 50.9-7.4 46.4-33.7l-25-145.5 105.7-103c19-18.5 8.5-50.8-17.7-54.6L382 150.2 316.7 17.8c-11.7-23.6-45.6-23.9-57.4 0z\"><\/path><\/svg>\t\t\t<\/div>\n\t\t<\/div>\n\t\t\t\t\t\t<\/div>\n\t\t\t\t\t<\/div>\n\t\t\t\t<\/div>\n\t\t<div class=\"elementor-element elementor-element-d7b5fe7 e-flex e-con-boxed e-con e-parent\" data-id=\"d7b5fe7\" data-element_type=\"container\">\n\t\t\t\t\t<div class=\"e-con-inner\">\n\t\t<div class=\"elementor-element elementor-element-6976e1c e-con-full e-flex e-con e-child\" data-id=\"6976e1c\" data-element_type=\"container\">\n\t\t\t\t<div class=\"elementor-element elementor-element-458bf20 elementor-widget elementor-widget-image\" data-id=\"458bf20\" data-element_type=\"widget\" data-widget_type=\"image.default\">\n\t\t\t\t\t\t\t\t\t\t\t\t\t\t\t<img decoding=\"async\" width=\"580\" height=\"575\" src=\"https:\/\/pokesdecriee.com\/wp-content\/uploads\/2025\/12\/POKES-CD-02-768x761.jpeg\" class=\"attachment-medium_large size-medium_large wp-image-192\" alt=\"Le 2e album des Pokes de Cri\u00e9e\" srcset=\"https:\/\/pokesdecriee.com\/wp-content\/uploads\/2025\/12\/POKES-CD-02-768x761.jpeg 768w, https:\/\/pokesdecriee.com\/wp-content\/uploads\/2025\/12\/POKES-CD-02-300x297.jpeg 300w, https:\/\/pokesdecriee.com\/wp-content\/uploads\/2025\/12\/POKES-CD-02-1024x1015.jpeg 1024w, https:\/\/pokesdecriee.com\/wp-content\/uploads\/2025\/12\/POKES-CD-02-150x150.jpeg 150w, https:\/\/pokesdecriee.com\/wp-content\/uploads\/2025\/12\/POKES-CD-02-1200x1190.jpeg 1200w, https:\/\/pokesdecriee.com\/wp-content\/uploads\/2025\/12\/POKES-CD-02.jpeg 1396w\" sizes=\"(max-width: 580px) 100vw, 580px\" \/>\t\t\t\t\t\t\t\t\t\t\t\t\t\t\t<\/div>\n\t\t\t\t<\/div>\n\t\t<div class=\"elementor-element elementor-element-558a754 e-con-full e-flex e-con e-child\" data-id=\"558a754\" data-element_type=\"container\">\n\t\t\t\t<div class=\"elementor-element elementor-element-4e2c9d2 elementor-widget elementor-widget-text-editor\" data-id=\"4e2c9d2\" data-element_type=\"widget\" data-widget_type=\"text-editor.default\">\n\t\t\t\t\t\t\t\t\t<p><strong>Pokes de Cri\u00e9e<\/strong><\/p><p>Ann\u00e9e de sortie : 2000<\/p><p>Enregistr\u00e9 et mix\u00e9 entre f\u00e9vrier et mai 2000 par Pascal Rueff et Julien Le Vu chez Nicole et F\u00e9lix Le Garrec (Bretagne Film)<\/p><p>Invit\u00e9s : Philippe Bensa\u00efd (orgue Hammond et claviers), D\u00e9d\u00e9 Doc Losquin (trompette), Manu Le Roy (guitares), St\u00e9phane de Vito (basse), Jean Le Floc&rsquo;h (le vrai, accord\u00e9on), Goulven Cornou (percussions), Jean-Luc Thomas (fl\u00fbte).<\/p><p>Photo : <a href=\"http:\/\/www.culturcorre.net\/\" target=\"_blank\" rel=\"noopener\">Jean-Yves Corre \/ CulturCorre<\/a><\/p>\t\t\t\t\t\t\t\t<\/div>\n\t\t\t\t<\/div>\n\t\t\t\t\t<\/div>\n\t\t\t\t<\/div>\n\t\t<div class=\"elementor-element elementor-element-29c0c73 e-flex e-con-boxed e-con e-parent\" data-id=\"29c0c73\" data-element_type=\"container\">\n\t\t\t\t\t<div class=\"e-con-inner\">\n\t\t\t\t<div class=\"elementor-element elementor-element-99bd108 elementor-view-default elementor-widget elementor-widget-icon\" data-id=\"99bd108\" data-element_type=\"widget\" data-widget_type=\"icon.default\">\n\t\t\t\t\t\t\t<div class=\"elementor-icon-wrapper\">\n\t\t\t<div class=\"elementor-icon\">\n\t\t\t<svg aria-hidden=\"true\" class=\"e-font-icon-svg e-fas-star\" viewBox=\"0 0 576 512\" xmlns=\"http:\/\/www.w3.org\/2000\/svg\"><path d=\"M259.3 17.8L194 150.2 47.9 171.5c-26.2 3.8-36.7 36.1-17.7 54.6l105.7 103-25 145.5c-4.5 26.3 23.2 46 46.4 33.7L288 439.6l130.7 68.7c23.2 12.2 50.9-7.4 46.4-33.7l-25-145.5 105.7-103c19-18.5 8.5-50.8-17.7-54.6L382 150.2 316.7 17.8c-11.7-23.6-45.6-23.9-57.4 0z\"><\/path><\/svg>\t\t\t<\/div>\n\t\t<\/div>\n\t\t\t\t\t\t<\/div>\n\t\t\t\t\t<\/div>\n\t\t\t\t<\/div>\n\t\t<div class=\"elementor-element elementor-element-e60a373 e-flex e-con-boxed e-con e-parent\" data-id=\"e60a373\" data-element_type=\"container\">\n\t\t\t\t\t<div class=\"e-con-inner\">\n\t\t<div class=\"elementor-element elementor-element-7b14578 e-con-full e-flex e-con e-child\" data-id=\"7b14578\" data-element_type=\"container\">\n\t\t\t\t<div class=\"elementor-element elementor-element-225dc55 elementor-widget elementor-widget-image\" data-id=\"225dc55\" data-element_type=\"widget\" data-widget_type=\"image.default\">\n\t\t\t\t\t\t\t\t\t\t\t\t\t\t\t<img loading=\"lazy\" decoding=\"async\" width=\"580\" height=\"562\" src=\"https:\/\/pokesdecriee.com\/wp-content\/uploads\/2025\/12\/POKES-CD-01-768x744.jpeg\" class=\"attachment-medium_large size-medium_large wp-image-191\" alt=\"Toul du cru premier album des Pokes de Cri\u00e9e\" srcset=\"https:\/\/pokesdecriee.com\/wp-content\/uploads\/2025\/12\/POKES-CD-01-768x744.jpeg 768w, https:\/\/pokesdecriee.com\/wp-content\/uploads\/2025\/12\/POKES-CD-01-300x291.jpeg 300w, https:\/\/pokesdecriee.com\/wp-content\/uploads\/2025\/12\/POKES-CD-01-1024x992.jpeg 1024w, https:\/\/pokesdecriee.com\/wp-content\/uploads\/2025\/12\/POKES-CD-01-1200x1162.jpeg 1200w, https:\/\/pokesdecriee.com\/wp-content\/uploads\/2025\/12\/POKES-CD-01.jpeg 1430w\" sizes=\"(max-width: 580px) 100vw, 580px\" \/>\t\t\t\t\t\t\t\t\t\t\t\t\t\t\t<\/div>\n\t\t\t\t<\/div>\n\t\t<div class=\"elementor-element elementor-element-eff662d e-con-full e-flex e-con e-child\" data-id=\"eff662d\" data-element_type=\"container\">\n\t\t\t\t<div class=\"elementor-element elementor-element-019cf18 elementor-widget elementor-widget-text-editor\" data-id=\"019cf18\" data-element_type=\"widget\" data-widget_type=\"text-editor.default\">\n\t\t\t\t\t\t\t\t\t<p><strong>Toul du Cru<\/strong><\/p><p>Ann\u00e9e de sortie : 1998<\/p><p>Enregistr\u00e9 et mix\u00e9 par Bruno Le Pennec au studio de l&rsquo;Arche \u00e0 Lokarn les 21 et 22 novembre 1998.<\/p><p>Invit\u00e9 : Benj (fl\u00fbte, percussions)<\/p><p>Conception visuelle : <a href=\"http:\/\/www.culturcorre.net\/\" target=\"_blank\" rel=\"noopener\">Jean-Yves Corre \/ CulturCorre<\/a><\/p>\t\t\t\t\t\t\t\t<\/div>\n\t\t\t\t<\/div>\n\t\t\t\t\t<\/div>\n\t\t\t\t<\/div>\n\t\t\t\t<\/div>\n\t\t","protected":false},"excerpt":{"rendered":"<p>Amzer zo Date de sortie : 7 d\u00e9cembre 2025 Enregistr\u00e9 les 22 et 23 mai 2025. Invit\u00e9 : Benj (fl\u00fbte, tchitchi) Photo : Jean-Yves Corre \/ CulturCorre Ecouter, acheter l&rsquo;album Amzer Zo (AppleMusic, qobuz, Deezer, Spotify&#8230;). Pop agri live Ann\u00e9e de sortie : 2003 Enregistrement en public les 24 et 25 janvier 2003 \u00e0 Lesconil [&hellip;]<\/p>\n","protected":false},"author":1,"featured_media":0,"parent":0,"menu_order":0,"comment_status":"closed","ping_status":"closed","template":"","meta":{"footnotes":""},"class_list":["post-189","page","type-page","status-publish","hentry"],"yoast_head":"<!-- This site is optimized with the Yoast SEO plugin v26.5 - https:\/\/yoast.com\/wordpress\/plugins\/seo\/ -->\n<title>Discographie - Pokes de Cri\u00e9e<\/title>\n<meta name=\"robots\" content=\"index, follow, max-snippet:-1, max-image-preview:large, max-video-preview:-1\" \/>\n<link rel=\"canonical\" href=\"https:\/\/pokesdecriee.com\/index.php\/discographie\/\" \/>\n<meta property=\"og:locale\" content=\"fr_FR\" \/>\n<meta property=\"og:type\" content=\"article\" \/>\n<meta property=\"og:title\" content=\"Discographie - Pokes de Cri\u00e9e\" \/>\n<meta property=\"og:description\" content=\"Amzer zo Date de sortie : 7 d\u00e9cembre 2025 Enregistr\u00e9 les 22 et 23 mai 2025. Invit\u00e9 : Benj (fl\u00fbte, tchitchi) Photo : Jean-Yves Corre \/ CulturCorre Ecouter, acheter l&rsquo;album Amzer Zo (AppleMusic, qobuz, Deezer, Spotify&#8230;). Pop agri live Ann\u00e9e de sortie : 2003 Enregistrement en public les 24 et 25 janvier 2003 \u00e0 Lesconil [&hellip;]\" \/>\n<meta property=\"og:url\" content=\"https:\/\/pokesdecriee.com\/index.php\/discographie\/\" \/>\n<meta property=\"og:site_name\" content=\"Pokes de Cri\u00e9e\" \/>\n<meta property=\"article:publisher\" content=\"https:\/\/www.facebook.com\/people\/POKES-DE-CRIEE\/100046184357962\/\" \/>\n<meta property=\"article:modified_time\" content=\"2025-12-10T11:02:50+00:00\" \/>\n<meta property=\"og:image\" content=\"https:\/\/pokesdecriee.com\/wp-content\/uploads\/2025\/12\/PokesdeCrieeAmzerZopochette-1024x1024.jpg\" \/>\n\t<meta property=\"og:image:width\" content=\"1024\" \/>\n\t<meta property=\"og:image:height\" content=\"1024\" \/>\n\t<meta property=\"og:image:type\" content=\"image\/jpeg\" \/>\n<meta name=\"twitter:card\" content=\"summary_large_image\" \/>\n<meta name=\"twitter:label1\" content=\"Dur\u00e9e de lecture estim\u00e9e\" \/>\n\t<meta name=\"twitter:data1\" content=\"1 minute\" \/>\n<script type=\"application\/ld+json\" class=\"yoast-schema-graph\">{\"@context\":\"https:\/\/schema.org\",\"@graph\":[{\"@type\":\"WebPage\",\"@id\":\"https:\/\/pokesdecriee.com\/index.php\/discographie\/\",\"url\":\"https:\/\/pokesdecriee.com\/index.php\/discographie\/\",\"name\":\"Discographie - Pokes de Cri\u00e9e\",\"isPartOf\":{\"@id\":\"https:\/\/pokesdecriee.com\/#website\"},\"primaryImageOfPage\":{\"@id\":\"https:\/\/pokesdecriee.com\/index.php\/discographie\/#primaryimage\"},\"image\":{\"@id\":\"https:\/\/pokesdecriee.com\/index.php\/discographie\/#primaryimage\"},\"thumbnailUrl\":\"https:\/\/pokesdecriee.com\/wp-content\/uploads\/2025\/12\/PokesdeCrieeAmzerZopochette-768x768.jpg\",\"datePublished\":\"2025-12-07T12:20:46+00:00\",\"dateModified\":\"2025-12-10T11:02:50+00:00\",\"breadcrumb\":{\"@id\":\"https:\/\/pokesdecriee.com\/index.php\/discographie\/#breadcrumb\"},\"inLanguage\":\"fr-FR\",\"potentialAction\":[{\"@type\":\"ReadAction\",\"target\":[\"https:\/\/pokesdecriee.com\/index.php\/discographie\/\"]}]},{\"@type\":\"ImageObject\",\"inLanguage\":\"fr-FR\",\"@id\":\"https:\/\/pokesdecriee.com\/index.php\/discographie\/#primaryimage\",\"url\":\"https:\/\/pokesdecriee.com\/wp-content\/uploads\/2025\/12\/PokesdeCrieeAmzerZopochette.jpg\",\"contentUrl\":\"https:\/\/pokesdecriee.com\/wp-content\/uploads\/2025\/12\/PokesdeCrieeAmzerZopochette.jpg\",\"width\":2500,\"height\":2500,\"caption\":\"Album Amzer zo des Pokes des Cri\u00e9e\"},{\"@type\":\"BreadcrumbList\",\"@id\":\"https:\/\/pokesdecriee.com\/index.php\/discographie\/#breadcrumb\",\"itemListElement\":[{\"@type\":\"ListItem\",\"position\":1,\"name\":\"Accueil\",\"item\":\"https:\/\/pokesdecriee.com\/\"},{\"@type\":\"ListItem\",\"position\":2,\"name\":\"Discographie\"}]},{\"@type\":\"WebSite\",\"@id\":\"https:\/\/pokesdecriee.com\/#website\",\"url\":\"https:\/\/pokesdecriee.com\/\",\"name\":\"Pokes de Cri\u00e9e\",\"description\":\"\",\"publisher\":{\"@id\":\"https:\/\/pokesdecriee.com\/#organization\"},\"potentialAction\":[{\"@type\":\"SearchAction\",\"target\":{\"@type\":\"EntryPoint\",\"urlTemplate\":\"https:\/\/pokesdecriee.com\/?s={search_term_string}\"},\"query-input\":{\"@type\":\"PropertyValueSpecification\",\"valueRequired\":true,\"valueName\":\"search_term_string\"}}],\"inLanguage\":\"fr-FR\"},{\"@type\":\"Organization\",\"@id\":\"https:\/\/pokesdecriee.com\/#organization\",\"name\":\"Pokes de Cri\u00e9e\",\"url\":\"https:\/\/pokesdecriee.com\/\",\"logo\":{\"@type\":\"ImageObject\",\"inLanguage\":\"fr-FR\",\"@id\":\"https:\/\/pokesdecriee.com\/#\/schema\/logo\/image\/\",\"url\":\"https:\/\/pokesdecriee.com\/wp-content\/uploads\/2025\/12\/cropped-Fishpokes-Ying-Yang2024.jpg\",\"contentUrl\":\"https:\/\/pokesdecriee.com\/wp-content\/uploads\/2025\/12\/cropped-Fishpokes-Ying-Yang2024.jpg\",\"width\":512,\"height\":512,\"caption\":\"Pokes de Cri\u00e9e\"},\"image\":{\"@id\":\"https:\/\/pokesdecriee.com\/#\/schema\/logo\/image\/\"},\"sameAs\":[\"https:\/\/www.facebook.com\/people\/POKES-DE-CRIEE\/100046184357962\/\"]}]}<\/script>\n<!-- \/ Yoast SEO plugin. -->","yoast_head_json":{"title":"Discographie - Pokes de Cri\u00e9e","robots":{"index":"index","follow":"follow","max-snippet":"max-snippet:-1","max-image-preview":"max-image-preview:large","max-video-preview":"max-video-preview:-1"},"canonical":"https:\/\/pokesdecriee.com\/index.php\/discographie\/","og_locale":"fr_FR","og_type":"article","og_title":"Discographie - Pokes de Cri\u00e9e","og_description":"Amzer zo Date de sortie : 7 d\u00e9cembre 2025 Enregistr\u00e9 les 22 et 23 mai 2025. Invit\u00e9 : Benj (fl\u00fbte, tchitchi) Photo : Jean-Yves Corre \/ CulturCorre Ecouter, acheter l&rsquo;album Amzer Zo (AppleMusic, qobuz, Deezer, Spotify&#8230;). Pop agri live Ann\u00e9e de sortie : 2003 Enregistrement en public les 24 et 25 janvier 2003 \u00e0 Lesconil [&hellip;]","og_url":"https:\/\/pokesdecriee.com\/index.php\/discographie\/","og_site_name":"Pokes de Cri\u00e9e","article_publisher":"https:\/\/www.facebook.com\/people\/POKES-DE-CRIEE\/100046184357962\/","article_modified_time":"2025-12-10T11:02:50+00:00","og_image":[{"width":1024,"height":1024,"url":"https:\/\/pokesdecriee.com\/wp-content\/uploads\/2025\/12\/PokesdeCrieeAmzerZopochette-1024x1024.jpg","type":"image\/jpeg"}],"twitter_card":"summary_large_image","twitter_misc":{"Dur\u00e9e de lecture estim\u00e9e":"1 minute"},"schema":{"@context":"https:\/\/schema.org","@graph":[{"@type":"WebPage","@id":"https:\/\/pokesdecriee.com\/index.php\/discographie\/","url":"https:\/\/pokesdecriee.com\/index.php\/discographie\/","name":"Discographie - Pokes de Cri\u00e9e","isPartOf":{"@id":"https:\/\/pokesdecriee.com\/#website"},"primaryImageOfPage":{"@id":"https:\/\/pokesdecriee.com\/index.php\/discographie\/#primaryimage"},"image":{"@id":"https:\/\/pokesdecriee.com\/index.php\/discographie\/#primaryimage"},"thumbnailUrl":"https:\/\/pokesdecriee.com\/wp-content\/uploads\/2025\/12\/PokesdeCrieeAmzerZopochette-768x768.jpg","datePublished":"2025-12-07T12:20:46+00:00","dateModified":"2025-12-10T11:02:50+00:00","breadcrumb":{"@id":"https:\/\/pokesdecriee.com\/index.php\/discographie\/#breadcrumb"},"inLanguage":"fr-FR","potentialAction":[{"@type":"ReadAction","target":["https:\/\/pokesdecriee.com\/index.php\/discographie\/"]}]},{"@type":"ImageObject","inLanguage":"fr-FR","@id":"https:\/\/pokesdecriee.com\/index.php\/discographie\/#primaryimage","url":"https:\/\/pokesdecriee.com\/wp-content\/uploads\/2025\/12\/PokesdeCrieeAmzerZopochette.jpg","contentUrl":"https:\/\/pokesdecriee.com\/wp-content\/uploads\/2025\/12\/PokesdeCrieeAmzerZopochette.jpg","width":2500,"height":2500,"caption":"Album Amzer zo des Pokes des Cri\u00e9e"},{"@type":"BreadcrumbList","@id":"https:\/\/pokesdecriee.com\/index.php\/discographie\/#breadcrumb","itemListElement":[{"@type":"ListItem","position":1,"name":"Accueil","item":"https:\/\/pokesdecriee.com\/"},{"@type":"ListItem","position":2,"name":"Discographie"}]},{"@type":"WebSite","@id":"https:\/\/pokesdecriee.com\/#website","url":"https:\/\/pokesdecriee.com\/","name":"Pokes de Cri\u00e9e","description":"","publisher":{"@id":"https:\/\/pokesdecriee.com\/#organization"},"potentialAction":[{"@type":"SearchAction","target":{"@type":"EntryPoint","urlTemplate":"https:\/\/pokesdecriee.com\/?s={search_term_string}"},"query-input":{"@type":"PropertyValueSpecification","valueRequired":true,"valueName":"search_term_string"}}],"inLanguage":"fr-FR"},{"@type":"Organization","@id":"https:\/\/pokesdecriee.com\/#organization","name":"Pokes de Cri\u00e9e","url":"https:\/\/pokesdecriee.com\/","logo":{"@type":"ImageObject","inLanguage":"fr-FR","@id":"https:\/\/pokesdecriee.com\/#\/schema\/logo\/image\/","url":"https:\/\/pokesdecriee.com\/wp-content\/uploads\/2025\/12\/cropped-Fishpokes-Ying-Yang2024.jpg","contentUrl":"https:\/\/pokesdecriee.com\/wp-content\/uploads\/2025\/12\/cropped-Fishpokes-Ying-Yang2024.jpg","width":512,"height":512,"caption":"Pokes de Cri\u00e9e"},"image":{"@id":"https:\/\/pokesdecriee.com\/#\/schema\/logo\/image\/"},"sameAs":["https:\/\/www.facebook.com\/people\/POKES-DE-CRIEE\/100046184357962\/"]}]}},"_links":{"self":[{"href":"https:\/\/pokesdecriee.com\/index.php\/wp-json\/wp\/v2\/pages\/189","targetHints":{"allow":["GET"]}}],"collection":[{"href":"https:\/\/pokesdecriee.com\/index.php\/wp-json\/wp\/v2\/pages"}],"about":[{"href":"https:\/\/pokesdecriee.com\/index.php\/wp-json\/wp\/v2\/types\/page"}],"author":[{"embeddable":true,"href":"https:\/\/pokesdecriee.com\/index.php\/wp-json\/wp\/v2\/users\/1"}],"replies":[{"embeddable":true,"href":"https:\/\/pokesdecriee.com\/index.php\/wp-json\/wp\/v2\/comments?post=189"}],"version-history":[{"count":25,"href":"https:\/\/pokesdecriee.com\/index.php\/wp-json\/wp\/v2\/pages\/189\/revisions"}],"predecessor-version":[{"id":304,"href":"https:\/\/pokesdecriee.com\/index.php\/wp-json\/wp\/v2\/pages\/189\/revisions\/304"}],"wp:attachment":[{"href":"https:\/\/pokesdecriee.com\/index.php\/wp-json\/wp\/v2\/media?parent=189"}],"curies":[{"name":"wp","href":"https:\/\/api.w.org\/{rel}","templated":true}]}}